-13*d. Is s a composite number?
False
Let m = -307 + 501. Suppose 2*a - 2*g = -3*g + 194, 2*a - m = -2*g. Is a prime?
True
Let z be (-20)/(-4) - 9/3. Is -3 + (1 + z)*(-2853)/(-27) composite?
True
Suppose 245*h - 2*h - 17763057 = 0. Is h prime?
False
Suppose -18*d - 228226 = -5*k - 21*d, -3*k - 3*d = -136932. Is k composite?
True
Is (-4870)/(-6 + 4) - 12 a composite number?
False
Suppose 280274 = -13*z + 99*z. Is z prime?
True
Let s(f) = -19166*f + 594. Is s(-2) a composite number?
True
Suppose -4*n = 2*d - 28, 0*d + 21 = 3*n - 4*d. Suppose 0 = b - n*b + 48378. Is b composite?
True
Let i(t) = 60*t**2 - 13. Suppose 0 = a - 6*a + 2*l + 41, 2*a - l - 17 = 0. Let o be i(a). Suppose -2*g - 3*g = 4*b - o, 0 = -3*g - 5*b + 1751. Is g prime?
True
Let y = -20528 - -90519. Is y prime?
True
Suppose -h = 2*n - 2 - 0, 5*n - 8 = -h. Suppose -n*a + 5 = z, 6*a - a - 20 = 5*z. Suppose -2*k = a*k + 5*i - 170, -4*i + 66 = 2*k. Is k a composite number?
True
Let d(s) = 19*s - 292. Let j(o) = o**2 + 9*o + 49. Let a be j(-5). Is d(a) composite?
True
Suppose -p + 3*p + 52 = -4*u, -u - 22 = 5*p. Let o(r) = 26*r**2 - 3*r + 41. Is o(u) a prime number?
True
Let b be 8957142/540 + 6/(-20). Suppose 7756 = a - b. Is a a composite number?
True
Suppose -476 = -37*w + 23*w. Is (-29121)/w*2/(-3) a prime number?
True
Let o(l) = 63*l - 290. Suppose 95 = 32*z - 27*z. Is o(z) a prime number?
True
Let k = 1943490 + -804227. Is k composite?
False
Let l = -11210 + 18015. Suppose 20*u = 25*u - l. Is u a prime number?
True
Let t(f) = -f**3 - 8*f**2 - 13*f - 2. Let c be t(-6). Let i = -3 + 6. Suppose -c*r = -z + 2069, 6*z - i*z + 3*r = 6132. Is z prime?
False
Suppose 4*z - 59 = -51. Suppose z*n + 3*n = 8305. Is n a prime number?
False
Suppose t + 5 = -24. Let l = t - -33. Suppose -5*s + 793 = -l*r, -5*s + 167 = r - 641. Is s composite?
True
Let g = 303535 + -53898. Is g prime?
False
Let r = 233 + -361. Let x = r + 150. Is (0 - -1293)*(-5 + x/3) prime?
False
Suppose -3*k = 3*t - 33, 2*t = k + 4*t - 11. Suppose -r + 7 = -k. Suppose -11*x - 2954 = -r*x. Is x prime?
False
Let t be (-3)/(-2)*(-280)/(-21). Let f be ((-12)/(-10))/(6/t). Is (-4 + 18/f)*254 a composite number?
False
Let k = 108145 - 69459. Suppose k = 2*x - 2*b, 0*b = 4*b - 16. Is x a prime number?
False
Is (789456/36)/((-24)/(-18)) a prime number?
True
Suppose c = -2*p, -2*p - 4*c + 7*c - 8 = 0. Is (-92185)/(-20) + p*1/4 composite?
True
Let m(j) = -j**2 + 6*j + 3. Let h be m(6). Suppose h*c = -2*a + 57 + 344, -c - 1 = 0. Let y = -123 + a. Is y composite?
False
Suppose -i + 3*i - 5*v - 148 = 0, 0 = 3*i + 3*v - 180. Let r = i - -147. Is r prime?
True
Is (-2786823)/(-30) - (-84)/48*2/(-35) prime?
False
Let g(c) = -c**3 - 5*c**2 + 15*c + 7. Let p = -24 + 17. Let a be g(p). Is (-1 + (2 - a))/((-7)/(-1631)) a prime number?
True
Let w = -42031 + 100298. Is w composite?
True
Let i = 406 - 404. Let t(v) = 3658*v**2 - 6*v - 3. Is t(i) prime?
False
Let z(u) = 252*u**2 + 2809*u + 59. Is z(48) a prime number?
True
Let l(d) = 2*d**2 + 9*d + 14. Let u be l(-3). Suppose 12259 = 4*w + u*p, -4*w + w + 9198 = 3*p. Is w a composite number?
True
Let c be 0*-1*(-3)/6. Let z be (c + 0)/(-2 - (4 - 7)). Suppose l - 73 - 138 = z. Is l prime?
True
Suppose 0 = -4*g - 16, -5*v + 3*v = 3*g + 7478. Let r = v - -5932. Is r prime?
False
Let b = 21 + -24. Let a be b/(-1) - (4 - -1). Is (-8)/a + 972 + 1 prime?
True
Suppose 0 = -3*h + 3*k + 356901, -h + 2*k + 67147 + 51820 = 0. Is h a prime number?
True
Suppose r = -3*t + 8933, 3*r + 12482 - 39305 = 3*t. Suppose 17*w - 18*w + r = 0. Is w prime?
False
Suppose -p + c = 4 - 12, c + 5 = 0. Suppose p*m - f + 4*f = 19272, -f + 32108 = 5*m. Is m prime?
True
Let q(x) = 3*x**3 + 5*x**2 - 6*x + 1. Let b be q(-6). Let n = b + 49. Let t = -63 - n. Is t composite?
True
Let l = 1460 + 1553. Is l a prime number?
False
Suppose 41*k = 37*k. Suppose l + 8*t - 5*t - 490 = k, 0 = 5*t + 15. Is l composite?
False
Let d(k) = -5*k**3 - 4 + 20*k + 15*k - 1 + k**2 - 30*k. Is d(-8) prime?
True
Let f = -129 + 132. Suppose 9*q = 4*q, 5*q = -f*u + 174. Let i = u + 199. Is i a prime number?
True
Let c be ((-135)/12)/(-9) - (-54)/8. Is -1 + c - (34 + -1616) a prime number?
False
Let r be (-1 - (-22)/4)/(51/(-68)). Is 1/r + (-188180)/(-120) - 1 a prime number?
True
Let i(h) = 29*h + 2. Let k be i(0). Suppose -4*a = 12, k*a - 3770 = -4*m + 4916. Is m prime?
False
Let y = -359862 - -961997. Is y composite?
True
Let h = -14907 + 24038. Is h composite?
True
Suppose -2*b + 7*t + 48 = 2*t, -4*b - 2*t = -72. Suppose 5*f + k - 5836 = 0, 14*k = -5*f + b*k + 5830. Is f a prime number?
False
Let z = 5082 - 7718. Let w = z + 23521. Is w prime?
False
Suppose 2*q = 4*x - 14, x + 8*q = 13*q - 19. Suppose -93607 + 17689 = -x*y. Is y prime?
True
Let f be (-10)/(-15) + (10/3 - -3). Suppose -60 = -f*t - 5*t. Suppose i - 3 = 0, -q - t*i = -5*q + 461. Is q prime?
False
Suppose 23*b + 20*b - 1674807 = 0. Is b a prime number?
False
Let s = -532891 + 985386. Is s a composite number?
True
Let t = 440154 + -155297. Is t a composite number?
False
Let c(a) = 1117*a - 49. Let s(h) = 9*h**2 - h - 2. Let b be s(-1). Is c(b) a prime number?
True
Let m be (2/3)/(-6 + (-92)/(-15)). Suppose -j = -m*j + 9980. Is j prime?
False
Let f = 53642 - 22552. Suppose -6*a - f = -16*a. Is a a composite number?
False
Let p(l) be the third derivative of 77/8*l**4 + 0 + 1/6*l**3 - 30*l**2 + 0*l. Is p(14) a prime number?
False
Suppose -3*z - 45234 = -g, g + 277*z = 281*z + 45235. Is g prime?
False
Suppose 3*p - 44888 = -4*q, -3*p - 4589 - 17837 = -2*q. Suppose 28136 = 5*o - q. Is o a composite number?
True
Suppose -177*o - 1730146 = -199*o. Is o a prime number?
True
Suppose -179 = -3*o - q + 3611, -5*o = 5*q - 6300. Suppose 759 = 3*k + 2*x, x - o = -5*k - 4*x. Let v = 576 - k. Is v composite?
True
Suppose -2*q + 3*d + 4 = -0, -3*d = -5*q + 10. Suppose -q*c + 3*c - 878 = 0. Suppose -2*z + c - 76 = 0. Is z prime?
True
Let p be 1/2*(-4)/6*-6. Suppose p*a = 5*a - 204. Let q = a - -19. Is q prime?
False
Let a be 41990 - (-7 + (5 - 2)). Suppose 7*w = 25*w - a. Is w a prime number?
True
Let y(m) = m**3 - 13*m**2 + 43*m + 110. Let c be y(30). Suppose 2*o + 6691 = 21613. Let t = c - o. Is t composite?
False
Let b = 36345 - -224226. Is b a prime number?
False
Suppose 222*q = 14*q + 18333328. Is q composite?
True
Let u be 3/(-4)*4/(-1 + 2). Let i be 2/10 - (u + 7624/(-5)). Suppose 4*m + 36 = i. Is m composite?
False
Suppose 0 = 5*d - a - 16, -2*a - 17 = 5*d - 30. Suppose 5*m + d*g - 7952 = 0, m - 4*g - 1683 = -88. Is m a prime number?
False
Let f = 98002 - 55558. Suppose f = 4*w - 80408. Is w composite?
False
Let m(g) = g**3 - 9*g - 10. Let k be m(-2). Suppose j + k*j - 1766 = -3*q, -5*j + 25 = 0. Is q a prime number?
True
Suppose -2*a = -3*i, -3*i = -4*a - 6*i. Suppose 67764 = -a*w + 4*w + 4*k, -k = 5*w - 84713. Is w a prime number?
True
Let k(y) = -y**3 - 7*y**2 + 18*y + 2. Let g be k(-9). Let j be 3 - (3 - 6)*(g - 1). Is (-1)/j + (-32284)/(-24) composite?
True
Suppose -100 = -7*m - 3*m. Let t be (-3)/1 - (m - 119). Suppose t*n - 103*n = 282. Is n composite?
True
Let a = -307558 + 606887. Is a composite?
False
Suppose 37*t + 7591 = 38*t. Suppose 4*s - t = 693. Is s composite?
True
Suppose 0 = -263*u + 270*u - 652967. Is u prime?
True
Is 830208886/7215 + (-2 - 29/(-15)) composite?
False
Let z = -115866 + 238684. Is z prime?
False
Let k(v) = -14*v**3 - 18*v**2 + v - 37. Let p(z) = -14*z**3 - 17*z**2 - 38. Let i(b) = 4*k(b) - 5*p(b). Is i(13) composite?
False
Is (-3072)/(-2304)*((-35279)/(-4) + 1) a composite number?
True
Let x(h) = -1361*h**2 + 27*h - 5. Let w be x(-6). Let y = 90407 + w. Suppose -2*c = -14*c + y. Is c a prime number?
False
Suppose 3*d + h = 8*d - 73, -3*h + 33 = 3*d. Suppose m - d*m = -58487. Is m a composite number?
True
Suppose 218*r - 26236240 = 35645838 - 9783348. Is r composite?
True
Let w = -14 - -9. Let o be (3 + w + 4)*-477. Is (o/(-12))/((-6)/(-20)) a composite number?
True
Suppose -2*g = -g - 4*s - 15895, 5*g + 5*s - 79425 = 0. Suppose -4*c = 2*t - 0*c - 10578, 4*c = 3*t - g. Is t composite?
True
Suppose -25124 + 7319 = 5*t. Let g = t + 11672. Is g composite?
False
Let a be (927/4)/((-3)/(-8)). Let r(w) = -190*w - 758. Let t be r(-4). Suppose -3*u - 3380 = -5*f, a = t*f - u -